{"id":13860,"date":"2020-01-29T12:29:28","date_gmt":"2020-01-29T11:29:28","guid":{"rendered":"https:\/\/www.folien-arbeiter.de\/blog\/?post_type=product&#038;p=13860"},"modified":"2023-04-19T23:10:28","modified_gmt":"2023-04-19T21:10:28","slug":"banner-zur-geburt-junge-oder-maedchen","status":"publish","type":"product","link":"https:\/\/www.folien-arbeiter.de\/blog\/produkt\/banner-zur-geburt-junge-oder-maedchen\/","title":{"rendered":"Banner zur Geburt Junge oder M\u00e4dchen"},"content":{"rendered":"<h2>Ein Banner zur Geburt\u00a0 (<span class=\"st\">Storch<\/span> aufstellen)- wetterfest und individuell gestaltet<\/h2>\n<p>Sie suchen nach einer ausgefallenen Geschenkidee? Dann ist das die perfekte L\u00f6sung zum Storchaufstellen. Das hochwertige Banner im Gro\u00dfformat wird von uns nach Ihren Vorgaben bedruckt. Einfach ausrollen und aufstellen &#8211; fertig ist Ihr ganz pers\u00f6nliches Geschenk zur Kindsgeburt.<\/p>\n<h2>\u00dcberraschen Sie einen geliebten Menschen<\/h2>\n<p>Das individuell gestaltete Geburtstags Banner ist eine hervorragende Alternative, wenn Ihnen Geschenke von der Stange zum Hals heraush\u00e4ngen. \u00dcberraschen Sie das Geburtstagskind mit einem ganz pers\u00f6nlichen Gru\u00df, der zugleich als tolle Erinnerung an den Geburtstag dient. Das Banner eignet sich besonders f\u00fcr runde Geburtstage oder ein besonderes Jubil\u00e4um. Ob im Verein, f\u00fcr die beste Freundin oder einen Arbeitskollegen: Mit dieser \u00dcberraschung liegen Sie garantiert goldrichtig.<\/p>\n<h2>Ihr Geburtstagsbanner im hochaufl\u00f6senden Digitaldruck<\/h2>\n<p>Ihr Geburtstagsbanner bedrucken wir im hochaufl\u00f6senden Digitaldruck mit Ihrem Wunschmotiv. Sie erhalten ein hochwertiges und langlebiges Erinnerungsst\u00fcck an den Geburtstag. Das Banner ist wetterfest, knickunempfindlich und durch das geringe Gewicht einfach zu transportieren. So steht Ihnen v\u00f6llig frei, an welchem Ort Sie Ihr Banner platzieren.<\/p>\n<h2>Jetzt personalisierte Banner kaufen<\/h2>\n<p>Ein selbstgestaltetes Geburtstagsbanner ist der Blickfang auf jeder Party. Ob im Freundeskreis, unter Kollegen oder in der Familie: Mit einem personalisierten Banner zeigen Sie dem Geburtstagskind Ihre Wertsch\u00e4tzung. Entwerfen Sie jetzt Ihr eigenes Motiv und bestellen Sie Ihr Geburtstagsbanner g\u00fcnstig online.<\/p>\n","protected":false},"excerpt":{"rendered":"<p>Banner zur Geburt\u00a0 (<span class=\"st\">Storch<\/span> aufstellen) f\u00fcr Junge oder M\u00e4dchen selbst gestalten<br \/>\nHochaufl\u00f6sender Digitaldruck auf Meshbanner rundum ges\u00e4umt &amp; ge\u00f6st.<br \/>\nEine wundersch\u00f6ne pers\u00f6nliche Alternative f\u00fcr ein Geburtstagsschild.<br \/>\n<em><strong>Bannerformat :\u00a0 1,30cm\u00a0 x 100 cm<\/strong><\/em><\/p>\n<h5>Deine Vorteile auf einem Blick:<\/h5>\n<ul>\n<li>Gut verstaubar sehr leicht<\/li>\n<li>Knick unempfindlich<\/li>\n<li>Wetterfest<\/li>\n<li>Saum und \u00d6sen zur leichten anbringung<\/li>\n<\/ul>\n","protected":false},"featured_media":13861,"template":"","meta":[],"product_brand":[],"product_cat":[4047],"product_tag":[],"class_list":{"0":"post-13860","1":"product","2":"type-product","3":"status-publish","4":"has-post-thumbnail","6":"product_cat-geburtstag-banner-online-gestalten","8":"first","9":"instock","10":"taxable","11":"shipping-taxable","12":"purchasable","13":"product-type-simple"},"_links":{"self":[{"href":"https:\/\/www.folien-arbeiter.de\/blog\/wp-json\/wp\/v2\/product\/13860","targetHints":{"allow":["GET"]}}],"collection":[{"href":"https:\/\/www.folien-arbeiter.de\/blog\/wp-json\/wp\/v2\/product"}],"about":[{"href":"https:\/\/www.folien-arbeiter.de\/blog\/wp-json\/wp\/v2\/types\/product"}],"version-history":[{"count":0,"href":"https:\/\/www.folien-arbeiter.de\/blog\/wp-json\/wp\/v2\/product\/13860\/revisions"}],"wp:featuredmedia":[{"embeddable":true,"href":"https:\/\/www.folien-arbeiter.de\/blog\/wp-json\/wp\/v2\/media\/13861"}],"wp:attachment":[{"href":"https:\/\/www.folien-arbeiter.de\/blog\/wp-json\/wp\/v2\/media?parent=13860"}],"wp:term":[{"taxonomy":"product_brand","embeddable":true,"href":"https:\/\/www.folien-arbeiter.de\/blog\/wp-json\/wp\/v2\/product_brand?post=13860"},{"taxonomy":"product_cat","embeddable":true,"href":"https:\/\/www.folien-arbeiter.de\/blog\/wp-json\/wp\/v2\/product_cat?post=13860"},{"taxonomy":"product_tag","embeddable":true,"href":"https:\/\/www.folien-arbeiter.de\/blog\/wp-json\/wp\/v2\/product_tag?post=13860"}],"curies":[{"name":"wp","href":"https:\/\/api.w.org\/{rel}","templated":true}]}}